ulate the remainder when 81 is divided by y(-7).
18
Let n(i) = i**2 + i + 1. Let j(p) = -p**3 - 20*p**2 + 14*p - 10. Let y(m) = -j(m) - 4*n(m). What is the remainder when 44 is divided by y(-17)?
21
Let c = 346 + -295. What is the remainder when 146 is divided by c?
44
Let n be -5*2/(-4)*4. Suppose -2 + 4 = -w, -j - 2*w = -n. Let v = 4 + j. What is the remainder when 70 is divided by v?
16
Let z = 137 - 82. Suppose 593 = 42*q - 205. What is the remainder when z is divided by q?
17
Let d = 48 - -8. Let m = 2275 + -2165. Calculate the remainder when m is divided by d.
54
Suppose 2*h - 3*j - 140 = 133, -3*h - 4*j + 367 = 0. Calculate the remainder when h is divided by 13.
12
Let k = -4 - -6. Suppose 3*g - 14 = -4*g. Suppose -6*h + 3*f = -h - 28, 4*h = -g*f + 18. What is the remainder when h is divided by k?
1
Let b be 1 + 2/(-6) + (-57)/(-9). Let y(l) = l**3 - 7*l**2 + l + 15. What is the remainder when y(b) is divided by 13?
9
Let i = 254 - 203. Suppose 0 = -4*j + 894 - 86. What is the remainder when j is divided by i?
49
Suppose 4*s + 5*g = 5*s + 42, -2*s - 64 = -5*g. Suppose -3*x = -2*y - 10, -y - 21 = -4*x - 6*y. Calculate the remainder when s/(-3)*(-6)/(-4) is divided by x.
3
Suppose -25*l - 768 = -73*l. Calculate the remainder when 61 is divided by l.
13
Suppose -3*z = 2*a - 26, 3*z + 3*a = -0*z + 21. Suppose 14*s - 38 = z*s. Suppose -5 = -5*p, -4*v + 228 - 9 = -p. What is the remainder when v is divided by s?
17
Suppose -5*l + 3*u + 64 = 0, 2*u - 2 = -5*l + 72. What is the remainder when 40 is divided by l?
12
Let d be (3 + -1 - 3)*-60. Let p = -22 + d. Suppose -n + 32 = 3*n - 4*q, q + 21 = 2*n. Calculate the remainder when p is divided by n.
12
Suppose 9*g + 3*j = 11*g - 162, -2*g + 2*j + 158 = 0. What is the remainder when g is divided by 26?
23
Let n = -64 - -142. Let u(w) = -7*w + 34. Calculate the remainder when n is divided by u(2).
18
Suppose 11 = 7*y - 6*y. Suppose -y = -2*z + 25. Calculate the remainder when 32 is divided by z.
14
Let f = 24 + -18. What is the remainder when 57 is divided by 17 - (f + (4 - 8))?
12
Let w = 312 - 220. Let t(r) = 2*r**3 + 18*r**2 - 8*r - 25. Calculate the remainder when w is divided by t(-9).
45
What is the remainder when 79 is divided by 4/6*(54 - -9)?
37
Suppose 0 = -6*u + 14 - 2. Suppose 2*r + u*r = 60. Suppose -3*b - 2*b + 135 = 0. What is the remainder when b is divided by r?
12
Suppose -15*n - 66 = -18*n. Let x = 45 - n. What is the remainder when x is divided by 14?
9
Let t(j) be the first derivative of j**2/2 + 22*j - 15. Suppose -4*d + w + 133 = 0, w + 25 = d - 2*w. Calculate the remainder when d is divided by t(-4).
16
Let h be 3 + -2 + 2 - -7. Let n = 18 - h. Suppose -2*o + 78 = 5*c, -2*c - c - 75 = -3*o. Calculate the remainder when o is divided by n.
5
Let b = 574 + -537. Calculate the remainder when 103 is divided by b.
29
Suppose -s - y = s - 82, -6 = 3*y. Let t(z) = 5*z - 7*z**2 + 1 + z**3 - 2*z + 0. What is the remainder when s is divided by t(7)?
20
Let x = -10 - -18. Suppose z - 36 = -5*p - 0, -3*z = -5*p - x. Calculate the remainder when 31 is divided by z.
9
Let t(l) = l**3 + 9*l**2 - 8*l - 4. Calculate the remainder when t(-8) is divided by 18.
16
Suppose j - 12 = -3*j. Suppose k - j + 5 = 0. What is the remainder when 11 is divided by k/(-5) - 108/(-30)?
3
Calculate the remainder when (-8)/36 + 3766/18 is divided by ((-15)/33 - -1) + ((-2268)/(-77) - -5).
34
Let i(l) = 2*l + 7. What is the remainder when 47 is divided by i(0)?
5
Let h be (-29 + 7)*(0 + 1/(-1)). Suppose -4*t = -h - 46. What is the remainder when t is divided by 9?
8
Let g(f) = 3*f - 33. Let u be g(11). Let v(a) = -4*a + 32. What is the remainder when v(u) is divided by (-10 - (2 + 0))*-1?
8
What is the remainder when 315 is divided by (135/(-30))/((-8)/304)?
144
Let c = 96 - 77. Let i(d) = 5 + 0*d**2 + 2*d + d**2 - 3 - 4*d. Calculate the remainder when i(7) is divided by c.
18
Let v = 334 - 305. Calculate the remainder when 51 is divided by v.
22
Let u be (-9)/15 + 24/10*-1. Let j(y) = -y**3 - 2*y**2 - 3*y - 4. Suppose 89 = 2*o - 17. Calculate the remainder when o is divided by j(u).
11
Let o = 2 - -25. Suppose 3*c - 206 = -2*c - 4*b, -168 = -4*c - 4*b. Let h = 45 - c. Calculate the remainder when o is divided by h.
6
Let w be (-4)/(-14) + 12/(-42). Suppose u + 0*u - 32 = w. Let c = 54 - u. What is the remainder when 64 is divided by c?
20
Suppose 28 = 5*i + 2*o, 32 = i + 4*i - 2*o. Suppose i*c = 63 + 21. What is the remainder when 22 is divided by c?
8
Suppose -10 = -2*i - 3*i. Let z = 19 + i. Calculate the remainder when z is divided by 46/4 - 1/(-2).
9
Let w(x) = -x**3 + x**2 + x + 15. Let s be -3 + -2 + 5 + 0. Suppose s = -5*c - l + 1 + 2, 2*c - 9 = -3*l. Calculate the remainder when 41 is divided by w(c).
11
Suppose 135 = 3*h - 75. Suppose 2*u + 14 = h. Suppose 2*t + u = 4*i - 12, -i = t - 7. What is the remainder when 35 is divided by i?
8
Let u(x) = -x**2 - 13*x - 13. Let b be u(-10). Suppose 0 = -4*d + b + 23. Calculate the remainder when 27 is divided by d + 9/3 - 3.
7
Suppose -3*k = 2*y - 34, -4*k - y - 19 = -7*k. Suppose -a + 3*a = k. What is the remainder when (-42)/((8/(-1))/a) is divided by 11?
10
Let j(q) = q + 25. Let o be j(11). Suppose 9*i = 7*i + o. What is the remainder when i is divided by 7?
4
Let x(k) = -4*k**2 + 33*k**2 + 4 - 6 + 7*k - 3. Calculate the remainder when x(2) is divided by 44.
37
What is the remainder when 857 is divided by (-50 + 70)*1/1?
17
Suppose -12*p + 9*p = c - 1833, -2*c + 2*p + 3626 = 0. Calculate the remainder when c is divided by 20.
18
Let i be (-10)/4 + (3 - (-35)/(-10)). What is the remainder when ((-595)/(-10) + -3)/(i/(-6)) is divided by 23?
21
Suppose 0*g + 1652 = 7*g. Suppose 113 = 2*h - 5*z, 0 = 2*h + 3*h + 3*z - g. Calculate the remainder when h is divided by 18.
13
Suppose 3*u - 12 = -z, u = -5*z + 2*u + 60. Let b = -15 + z. Let v = b - -9. What is the remainder when v is divided by 4?
2
Let u(v) = -v**2 + 11*v - 8. Let f be u(10). Suppose -f = -j + 10. What is the remainder when -1 + (j - -1) - -3 is divided by 8?
7
Let l be -1*(1 - -36) - 2. Let g = 48 + l. What is the remainder when 35 is divided by g?
8
Let u be -2 - -7 - 7 - (0 + 3). Calculate the remainder when 33 is divided by (18/u)/(1/(-5)).
15
Let f(j) be the second derivative of 19/2*j**2 + 0 - 11/6*j**3 + 10*j - 1/12*j**4. Calculate the remainder when f(-12) is divided by 2.
1
Let i = 110 - 56. Suppose q + 11*q - 38 - 94 = 0. What is the remainder when i is divided by q?
10
Suppose 0*b - 9 = -5*b + m, 0 = -3*b - m - 1. Let u = b - -16. What is the remainder when (36 - 34)*(-67)/(-2) is divided by u?
16
Suppose -2*i + 476 = 122. Let j = -457 - -477. What is the remainder when i is divided by j?
17
Suppose 0 = -2*l + g + 251, -3*l - 5*g = -2*l - 153. What is the remainder when l is divided by ((-290)/(-30) + -1)*6/4?
11
Let z(u) = u**2 - 4*u + 19. Let p be z(-13). Suppose -5*x + 10*x = p. Calculate the remainder when x is divided by 17.
14
Let a(i) = 5*i**2 - 2*i - 2. Let p(b) = -5*b**2 + 2*b + 3. Let w(k) = 3*a(k) + 2*p(k). Calculate the remainder when w(-3) is divided by 27.
24
Let v(y) = -y**3 + 6*y**2 - 5*y + 1. Suppose 3*r - 2 = -j - 13, 5*r + 9 = -4*j. What is the remainder when 49 is divided by v(j)?
10
Calculate the remainder when 158 is divided by (-7 + 91)/(7 - 5).
32
Let g(d) = 0 - 1 + 1 + d**2 - 3*d. Let v be g(4). Suppose v*m = -5*a + 17, 0 = 4*a - 5*a + 2*m + 9. Calculate the remainder when 9 is divided by a.
4
Suppose 10*g + 28 = 8. What is the remainder when 3/g + (-11)/(-2) is divided by (-14)/(-8) + 1/4?
0
Let t = -18 - -19. Suppose 3*u - 7 = -t. Suppose 5 = -q - 4*b - 5, -u*q = 3*b. What is the remainder when q is divided by 4?
2
Suppose 54*j = 768 + 42. What is the remainder when 76 is divided by j?
1
Let r be 4/6 + 86/(-3). Let c = r + 33. Suppose -44 - 16 = -c*l. Calculate the remainder when 31 is divided by l.
7
Suppose -48 = 4*s - 56. Suppose s*z + 365 = 7*z. What is the remainder when z is divided by 2/4 + 74/4?
16
Let s = 19 - 17. Suppose -5*k + 18 = -s*k. Suppose 0 - 2 = v, -4*v + 22 = 2*m. What is the remainder when m is divided by k?
3
Let x(o) = o**2 - 3*o + 16. Suppose -4*z = 4*b - 0*b - 136, -3*z - b = -106. Calculate the remainder when x(-6) is divided by z.